site?
False
Is 11574841 a composite number?
True
Is 244707329 composite?
False
Is 26196213 a composite number?
True
Is 14640097 prime?
True
Is 47650873 a prime number?
True
Is 11975609 a prime number?
True
Is 28224577 a prime number?
True
Is 1914323 composite?
False
Is 3080501 a composite number?
True
Is 2142191 composite?
True
Is 7153645 a prime number?
False
Is 45229 a prime number?
False
Is 25118997 a prime number?
False
Is 622005319 prime?
False
Is 63277 composite?
False
Is 15078689 a prime number?
False
Is 38068249 composite?
False
Is 29717447 composite?
False
Is 8434819 a prime number?
True
Is 1061637 composite?
True
Is 149887807 a composite number?
False
Is 402559 a prime number?
True
Is 341027 composite?
False
Is 12920689 a prime number?
False
Is 2893223 a composite number?
True
Is 339384607 prime?
True
Is 8921413 a prime number?
False
Is 1097461 composite?
False
Is 4408111 a composite number?
True
Is 18008897 composite?
True
Is 61387873 a composite number?
True
Is 12420209 prime?
False
Is 71318959 a composite number?
True
Is 23886641 a prime number?
False
Is 279916069 a prime number?
True
Is 47276494 a composite number?
True
Is 1952473 a composite number?
True
Is 140717 prime?
True
Is 167608421 a composite number?
True
Is 79703177 a composite number?
False
Is 51095521 a composite number?
False
Is 9665653 a composite number?
False
Is 46239845 a prime number?
False
Is 2026127 a composite number?
True
Is 2026651 composite?
True
Is 210829211 a prime number?
True
Is 1266677 composite?
False
Is 750917 composite?
False
Is 157543 prime?
True
Is 294374083 a prime number?
True
Is 1004837 a prime number?
False
Is 1798591 a prime number?
True
Is 22479311 composite?
False
Is 283205591 prime?
True
Is 2298749 prime?
True
Is 13967791 prime?
False
Is 619946167 a composite number?
False
Is 120353 a composite number?
True
Is 19385615 a composite number?
True
Is 635717 prime?
False
Is 41183843 composite?
True
Is 699965777 a prime number?
False
Is 111952681 composite?
True
Is 115382051 a prime number?
True
Is 13743839 a prime number?
True
Is 492961 a composite number?
True
Is 74363621 a prime number?
True
Is 27266585 composite?
True
Is 2896057 a composite number?
False
Is 416031977 composite?
False
Is 206167759 composite?
True
Is 335333 prime?
False
Is 9423709 prime?
True
Is 7732511 composite?
False
Is 4758287 a prime number?
False
Is 2394259 composite?
True
Is 7705409 composite?
False
Is 118662191 prime?
False
Is 82208749 prime?
False
Is 186474373 a composite number?
False
Is 12482213 a composite number?
True
Is 242393 a composite number?
False
Is 81753281 a composite number?
False
Is 8548495 a prime number?
False
Is 22495541 prime?
False
Is 1457999 prime?
True
Is 318088567 a prime number?
False
Is 2125553 prime?
True
Is 27601093 composite?
True
Is 5008813 a prime number?
False
Is 95792363 prime?
True
Is 20367757 composite?
False
Is 546839933 a prime number?
True
Is 122708917 prime?
True
Is 9704171 composite?
True
Is 9383911 a composite number?
True
Is 3487039 a prime number?
False
Is 104685661 a prime number?
True
Is 3199533 a prime number?
False
Is 111449417 a composite number?
False
Is 8312641 composite?
True
Is 91155111 prime?
False
Is 59480899 a prime number?
True
Is 180171469 a prime number?
True
Is 13073651 composite?
True
Is 39698959 a prime number?
False
Is 98241911 prime?
False
Is 5261911 a composite number?
True
Is 4656143 a prime number?
False
Is 8074349 prime?
True
Is 13284107 a composite number?
True
Is 50132857 a prime number?
True
Is 44753831 a prime number?
False
Is 96910303 prime?
False
Is 1302391 a prime number?
True
Is 70650521 prime?
False
Is 66598583 prime?
False
Is 1777796779 a composite number?
True
Is 196635917 a prime number?
True
Is 38714041 a composite number?
True
Is 5921077 prime?
False
Is 225970337 composite?
False
Is 36206299 a prime number?
True
Is 10994327 a composite number?
True
Is 25448953 composite?
False
Is 13576163 a composite number?
False
Is 8460241 composite?
True
Is 2217671 a prime number?
True
Is 44283443 prime?
True
Is 644291 prime?
True
Is 533513 a prime number?
False
Is 51927857 a prime number?
True
Is 6764593 composite?
True
Is 323865839 composite?
True
Is 15238997 a prime number?
True
Is 50661187 prime?
True
Is 23385071 a prime number?
True
Is 15762319 a composite number?
False
Is 159059893 prime?
True
Is 31427551 a composite number?
False
Is 5330347 a prime number?
False
Is 6135461 a composite number?
True
Is 26704003 a prime number?
False
Is 61067 a prime number?
False
Is 8861833 prime?
False
Is 3406703 a prime number?
True
Is 171491 composite?
False
Is 38198287 a composite number?
True
Is 25292679 a composite number?
True
Is 4208053 prime?
True
Is 105584147 composite?
True
Is 1340929 prime?
True
Is 6406927 a prime number?
False
Is 397427 composite?
False
Is 38291217 prime?
False
Is 357790663 composite?
False
Is 34943411 a prime number?
False
Is 20728807 prime?
False
Is 300127921 a prime number?
True
Is 93635909 a composite number?
False
Is 90212701 prime?
False
Is 7922891 a composite number?
False
Is 118436917 a composite number?
False
Is 173663323 composite?
False
Is 275887 a composite number?
True
Is 3161273 prime?
True
Is 35160277 prime?
False
Is 352567 composite?
True
Is 11203909 a composite number?
False
Is 61642013 composite?
False
Is 27747311 a composite number?
False
Is 2011547 a prime number?
False
Is 3710123 prime?
True
Is 2080867 a prime number?
False
Is 546699 a composite number?
True
Is 32690249 a prime number?
True
Is 8628101 a prime number?
False
Is 165904807 a prime number?
True
Is 332039 composite?
False
Is 58327757 a prime number?
False
Is 29501059 composite?
True
Is 34307489 composite?
True
Is 691463 composite?
False
Is 1381819 a prime number?
True
Is 42852709 a prime number?
False
Is 86951789 composite?
False
Is 36381665 prime?
False
Is 43654999 a composite number?
False
Is 46717057 a prime number?
False
Is 372919 a prime number?
False
Is 2361974 composite?
True
Is 10475297 prime?
False
Is 85553777 prime?
True
Is 66204263 a prime number?
True
Is 13592209 a prime number?
False
Is 1256669 prime?
False
Is 6584293 prime?
True
Is 3749021 a composite number?
False
Is 98446045 composite?
True
Is 38905147 a prime number?
True
Is 22178777 composite?
False
Is 2010355 a prime number?
False
Is 180674149 a composite number?
True
Is 2432653 prime?
False
Is 36501419 a prime number?
True
Is 1796153 a composite number?
True
Is 35329523 composite?
True
Is 2282645 a composite number?
True
Is 107117321 prime?
True
Is 33129314 a composite number?
True
Is 517733971 a prime number?
False
Is 24744029 composite?
False
Is 89435343 composite?
True
Is 400962151 composite?
True
Is 25849949 prime?
True
Is 110791 prime?
False
Is 7066163 prime?
False
Is 3309949 a prime number?
False
Is 79668367 a composite number?
True
Is 22588747 prime?
False
Is 639121 prime?
False
Is 134764699 composite?
False
Is 12348359 a prime number?
True
Is 176351371 a composite number?
True
Is 234173 composite?
True
Is 875469521 a prime number?
True
Is 33106663 composite?
False
Is 3969307 a composite number?
False
Is 50050345 prime?
False
Is 13021871 prime?
False
Is 224372279 a composite number?
False
Is 743933 composite?
False
Is 71129 a composite number?
False
Is 2228543 a composite number?
False
Is 613957 a composite number?
False
Is 78809797 a prime number?
False
Is 5375737 a composite number?
True
Is 1176163 a composite number?
False
Is 101326019 a composite number?
False
Is 1097467 a prime number?
False
Is 35358553 a prime number?
True
Is 6232613 a prime number?
False
Is 12475033 a prime number?
False
Is 649307 a prime number?
True
Is 51441262 prime?
False
Is 2539337 a prime number?
True
Is 11526605 prime?
False
Is 8083027 prime?
False
Is 5984327 prime?
True
Is 108550411 a composite number?
True
Is 5490097 composite?
True
Is 257088083 a composite number?
True
Is 34267193 a prime number?
True
Is 301069897 prime?
True
Is 5357831 a prime number?
True
Is 122483741 a prime number?
False
Is 5790419 a composite number?
False
Is 538337 a prime number?
False
Is 3700531 composite?
True
Is 26763073 composite?
True
Is 300659663 composite?
True
Is 6849061 a composite number?
False
Is 34601027 a composite number?
False
Is 9111221 a prime numb